{"id":19,"date":"2019-03-14T14:56:18","date_gmt":"2019-03-14T13:56:18","guid":{"rendered":"https:\/\/www.faktura-online.net\/?page_id=19"},"modified":"2026-01-08T14:27:29","modified_gmt":"2026-01-08T13:27:29","slug":"impressum","status":"publish","type":"page","link":"https:\/\/www.faktura-small-business.de\/index.php\/impressum\/","title":{"rendered":"Impressum"},"content":{"rendered":"\n<p><strong>THS-Consulting<\/strong><br>Inhaber: Stefan H\u00e4gele<br>Sachsenstrasse 32<br>86836 Untermeitingen<\/p>\n\n\n\n<p>Telefon: 08232-96 81 888<br>Telefax: 08232-96 81 889<br><br>E-Mail: Info@ths-consulting.net<br>WWW: www.ths-consulting.net<br><br>USt.-Ident-Nr.: DE 254 488 801<br><br><strong>Verantwortlich f\u00fcr den Inhalt:<\/strong><br>THS-Consuling<br><\/p>\n\n\n\n<p>Impressum gem\u00e4\u00df \u00a75 TMG<\/p>\n","protected":false},"excerpt":{"rendered":"<p>THS-ConsultingInhaber: Stefan H\u00e4geleSachsenstrasse 3286836 Untermeitingen Telefon: 08232-96 81 888Telefax: 08232-96 81 889 E-Mail: Info@ths-consulting.netWWW: www.ths-consulting.net USt.-Ident-Nr.: DE 254 488 801 Verantwortlich f\u00fcr den Inhalt:THS-Consuling Impressum gem\u00e4\u00df \u00a75 TMG<\/p>\n","protected":false},"author":1,"featured_media":0,"parent":0,"menu_order":0,"comment_status":"closed","ping_status":"closed","template":"","meta":{"footnotes":""},"class_list":["post-19","page","type-page","status-publish","hentry"],"_links":{"self":[{"href":"https:\/\/www.faktura-small-business.de\/index.php\/wp-json\/wp\/v2\/pages\/19","targetHints":{"allow":["GET"]}}],"collection":[{"href":"https:\/\/www.faktura-small-business.de\/index.php\/wp-json\/wp\/v2\/pages"}],"about":[{"href":"https:\/\/www.faktura-small-business.de\/index.php\/wp-json\/wp\/v2\/types\/page"}],"author":[{"embeddable":true,"href":"https:\/\/www.faktura-small-business.de\/index.php\/wp-json\/wp\/v2\/users\/1"}],"replies":[{"embeddable":true,"href":"https:\/\/www.faktura-small-business.de\/index.php\/wp-json\/wp\/v2\/comments?post=19"}],"version-history":[{"count":3,"href":"https:\/\/www.faktura-small-business.de\/index.php\/wp-json\/wp\/v2\/pages\/19\/revisions"}],"predecessor-version":[{"id":53,"href":"https:\/\/www.faktura-small-business.de\/index.php\/wp-json\/wp\/v2\/pages\/19\/revisions\/53"}],"wp:attachment":[{"href":"https:\/\/www.faktura-small-business.de\/index.php\/wp-json\/wp\/v2\/media?parent=19"}],"curies":[{"name":"wp","href":"https:\/\/api.w.org\/{rel}","templated":true}]}}